{"id":2559,"date":"2015-12-10T23:38:54","date_gmt":"2015-12-10T23:38:54","guid":{"rendered":"http:\/\/export-xml.qreativethemes.com\/physio\/?page_id=2559"},"modified":"2020-08-27T11:31:52","modified_gmt":"2020-08-27T09:31:52","slug":"director-tecnico","status":"publish","type":"page","link":"http:\/\/www.fisiofitbadajoz.com\/index.php\/director-tecnico\/","title":{"rendered":"Director t\u00e9cnico"},"content":{"rendered":"<div id=\"pl-2559\"  class=\"panel-layout\" ><div id=\"pg-2559-0\"  class=\"panel-grid panel-no-style\" ><div id=\"pgc-2559-0-0\"  class=\"panel-grid-cell panel-grid-cell-mobile-last\" ><div id=\"panel-2559-0-0-0\" class=\"so-panel widget widget_sow-editor panel-first-child\" data-index=\"0\" ><div\n\t\t\t\n\t\t\tclass=\"so-widget-sow-editor so-widget-sow-editor-base\"\n\t\t\t\n\t\t>\n<div class=\"siteorigin-widget-tinymce textwidget\">\n\t<p><img loading=\"lazy\" decoding=\"async\" class=\"alignnone wp-image-7628 size-medium\" src=\"http:\/\/www.fisiofitbadajoz.com\/wp-content\/uploads\/2019\/09\/DSC_0059-300x200.jpg\" alt=\"\" width=\"300\" height=\"200\"><\/p>\n<\/div>\n<\/div><\/div><div id=\"panel-2559-0-0-1\" class=\"so-panel widget widget_siteorigin-panels-post-content\" data-index=\"1\" ><\/div><div id=\"panel-2559-0-0-2\" class=\"so-panel widget widget_sow-editor panel-last-child\" data-index=\"2\" ><div\n\t\t\t\n\t\t\tclass=\"so-widget-sow-editor so-widget-sow-editor-base\"\n\t\t\t\n\t\t>\n<div class=\"siteorigin-widget-tinymce textwidget\">\n\t<p>Juan Manuel inaugura FisioFit Center en mayo de 2019 con el fin de crear una cl\u00ednica donde se puede englobar al paciente en su totalidad, con la incorporaci\u00f3n de los mejores profesionales de diferentes especialidades.<\/p>\n<p><span style=\"color: #56afd5; font-size: 15px;\"><strong>Educaci\u00f3n<\/strong><\/span><br \/>Diplomado en Fisioterapia por la Universidad de Extremadura (2007-2010) y graduado en Ciencias de la Actividad F\u00edsica y el Deporte por la Universidad de Extremadura (2010-2014), adem\u00e1s de contar con masters, cursos de experto universitario, cursos, etc.<\/p>\n<p><span style=\"color: #56afd5; font-size: 15px;\"><strong>Carrera<\/strong><\/span><br \/>Fisioterapeuta en la cl\u00ednica Cekinesia \"Julio Carmona\" y fisioterapeuta del Club Deportivo Badajoz.<\/p>\n<p><span style=\"color: #56afd5; font-size: 15px;\"><strong>Cualificaciones terap\u00e9uticas<\/strong><\/span><\/p>\n<p><strong><span class=\"icon-wrap\"><i class=\"fa fa-check\"><\/i><\/span>&nbsp; Diplomado en Fisioterapia<\/strong><br \/><strong><span class=\"icon-wrap\"><i class=\"fa fa-check\"><\/i><\/span>&nbsp; Graduado en Ciencias de la Actividad F\u00edsica y el Deporte<\/strong><br \/><strong><span class=\"icon-wrap\"><i class=\"fa fa-check\"><\/i><\/span>&nbsp; Master en Osteopat\u00eda Estructural<\/strong><br \/><strong><span class=\"icon-wrap\"><i class=\"fa fa-check\"><\/i><\/span>&nbsp; Experto en Terapia Fascial<\/strong><br \/><strong><span class=\"icon-wrap\"><i class=\"fa fa-check\"><\/i><\/span>&nbsp; Experto en Fisioterapia Deportiva<\/strong><\/p>\n<p>Adem\u00e1s, cuenta con la realizaci\u00f3n de multitud de cursos (kinesiotape, punci\u00f3n seca, pilates...)<\/p>\n<\/div>\n<\/div><\/div><\/div><div id=\"pgc-2559-0-1\"  class=\"panel-grid-cell panel-grid-cell-empty\" ><\/div><\/div><\/div>","protected":false},"excerpt":{"rendered":"<p>Juan Manuel inaugura FisioFit Center en mayo de 2019 con el fin de crear una cl\u00ednica donde se puede englobar al paciente en su totalidad, con la incorporaci\u00f3n de los mejores profesionales de diferentes especialidades.Educaci\u00f3nDiplomado en Fisioterapia por la Universidad de Extremadura (2007-2010) y graduado en Ciencias de la Actividad F\u00edsica y el Deporte por [&hellip;]<\/p>\n","protected":false},"author":1,"featured_media":0,"parent":0,"menu_order":0,"comment_status":"closed","ping_status":"closed","template":"","meta":{"_monsterinsights_skip_tracking":false,"_monsterinsights_sitenote_active":false,"_monsterinsights_sitenote_note":"","_monsterinsights_sitenote_category":0,"footnotes":""},"class_list":["post-2559","page","type-page","status-publish","hentry"],"yoast_head":"<!-- This site is optimized with the Yoast SEO plugin v24.9 - https:\/\/yoast.com\/wordpress\/plugins\/seo\/ -->\n<title>Director t\u00e9cnico - Fisiofitbadajoz<\/title>\n<meta name=\"robots\" content=\"index, follow, max-snippet:-1, max-image-preview:large, max-video-preview:-1\" \/>\n<link rel=\"canonical\" href=\"http:\/\/www.fisiofitbadajoz.com\/index.php\/director-tecnico\/\" \/>\n<meta property=\"og:locale\" content=\"es_ES\" \/>\n<meta property=\"og:type\" content=\"article\" \/>\n<meta property=\"og:title\" content=\"Director t\u00e9cnico - Fisiofitbadajoz\" \/>\n<meta property=\"og:description\" content=\"Juan Manuel inaugura FisioFit Center en mayo de 2019 con el fin de crear una cl\u00ednica donde se puede englobar al paciente en su totalidad, con la incorporaci\u00f3n de los mejores profesionales de diferentes especialidades.Educaci\u00f3nDiplomado en Fisioterapia por la Universidad de Extremadura (2007-2010) y graduado en Ciencias de la Actividad F\u00edsica y el Deporte por [&hellip;]\" \/>\n<meta property=\"og:url\" content=\"http:\/\/www.fisiofitbadajoz.com\/index.php\/director-tecnico\/\" \/>\n<meta property=\"og:site_name\" content=\"Fisiofitbadajoz\" \/>\n<meta property=\"article:publisher\" content=\"https:\/\/www.facebook.com\/fisiofitcenter\" \/>\n<meta property=\"article:modified_time\" content=\"2020-08-27T09:31:52+00:00\" \/>\n<meta property=\"og:image\" content=\"http:\/\/www.fisiofitbadajoz.com\/wp-content\/uploads\/2019\/09\/DSC_0059-300x200.jpg\" \/>\n<meta name=\"twitter:card\" content=\"summary_large_image\" \/>\n<meta name=\"twitter:label1\" content=\"Tiempo de lectura\" \/>\n\t<meta name=\"twitter:data1\" content=\"1 minuto\" \/>\n<script type=\"application\/ld+json\" class=\"yoast-schema-graph\">{\"@context\":\"https:\/\/schema.org\",\"@graph\":[{\"@type\":\"WebPage\",\"@id\":\"http:\/\/www.fisiofitbadajoz.com\/index.php\/director-tecnico\/\",\"url\":\"http:\/\/www.fisiofitbadajoz.com\/index.php\/director-tecnico\/\",\"name\":\"Director t\u00e9cnico - Fisiofitbadajoz\",\"isPartOf\":{\"@id\":\"http:\/\/www.fisiofitbadajoz.com\/#website\"},\"primaryImageOfPage\":{\"@id\":\"http:\/\/www.fisiofitbadajoz.com\/index.php\/director-tecnico\/#primaryimage\"},\"image\":{\"@id\":\"http:\/\/www.fisiofitbadajoz.com\/index.php\/director-tecnico\/#primaryimage\"},\"thumbnailUrl\":\"http:\/\/www.fisiofitbadajoz.com\/wp-content\/uploads\/2019\/09\/DSC_0059-300x200.jpg\",\"datePublished\":\"2015-12-10T23:38:54+00:00\",\"dateModified\":\"2020-08-27T09:31:52+00:00\",\"breadcrumb\":{\"@id\":\"http:\/\/www.fisiofitbadajoz.com\/index.php\/director-tecnico\/#breadcrumb\"},\"inLanguage\":\"es\",\"potentialAction\":[{\"@type\":\"ReadAction\",\"target\":[\"http:\/\/www.fisiofitbadajoz.com\/index.php\/director-tecnico\/\"]}]},{\"@type\":\"ImageObject\",\"inLanguage\":\"es\",\"@id\":\"http:\/\/www.fisiofitbadajoz.com\/index.php\/director-tecnico\/#primaryimage\",\"url\":\"http:\/\/www.fisiofitbadajoz.com\/wp-content\/uploads\/2019\/09\/DSC_0059-300x200.jpg\",\"contentUrl\":\"http:\/\/www.fisiofitbadajoz.com\/wp-content\/uploads\/2019\/09\/DSC_0059-300x200.jpg\"},{\"@type\":\"BreadcrumbList\",\"@id\":\"http:\/\/www.fisiofitbadajoz.com\/index.php\/director-tecnico\/#breadcrumb\",\"itemListElement\":[{\"@type\":\"ListItem\",\"position\":1,\"name\":\"Portada\",\"item\":\"http:\/\/www.fisiofitbadajoz.com\/\"},{\"@type\":\"ListItem\",\"position\":2,\"name\":\"Director t\u00e9cnico\"}]},{\"@type\":\"WebSite\",\"@id\":\"http:\/\/www.fisiofitbadajoz.com\/#website\",\"url\":\"http:\/\/www.fisiofitbadajoz.com\/\",\"name\":\"www.fisiofitbadajoz.com\",\"description\":\"Policl\u00ednica en Badajoz. Fisioterapia, podolog\u00eda, nutrici\u00f3n, entrenamiento deportivo, est\u00e9tica.\",\"publisher\":{\"@id\":\"http:\/\/www.fisiofitbadajoz.com\/#organization\"},\"potentialAction\":[{\"@type\":\"SearchAction\",\"target\":{\"@type\":\"EntryPoint\",\"urlTemplate\":\"http:\/\/www.fisiofitbadajoz.com\/?s={search_term_string}\"},\"query-input\":{\"@type\":\"PropertyValueSpecification\",\"valueRequired\":true,\"valueName\":\"search_term_string\"}}],\"inLanguage\":\"es\"},{\"@type\":\"Organization\",\"@id\":\"http:\/\/www.fisiofitbadajoz.com\/#organization\",\"name\":\"Fisiofit Center\",\"url\":\"http:\/\/www.fisiofitbadajoz.com\/\",\"logo\":{\"@type\":\"ImageObject\",\"inLanguage\":\"es\",\"@id\":\"http:\/\/www.fisiofitbadajoz.com\/#\/schema\/logo\/image\/\",\"url\":\"http:\/\/www.fisiofitbadajoz.com\/wp-content\/uploads\/2020\/08\/image0-scaled.jpeg\",\"contentUrl\":\"http:\/\/www.fisiofitbadajoz.com\/wp-content\/uploads\/2020\/08\/image0-scaled.jpeg\",\"width\":1889,\"height\":2560,\"caption\":\"Fisiofit Center\"},\"image\":{\"@id\":\"http:\/\/www.fisiofitbadajoz.com\/#\/schema\/logo\/image\/\"},\"sameAs\":[\"https:\/\/www.facebook.com\/fisiofitcenter\",\"https:\/\/www.instagram.com\/fisiofitcenter\"]}]}<\/script>\n<!-- \/ Yoast SEO plugin. -->","yoast_head_json":{"title":"Director t\u00e9cnico - Fisiofitbadajoz","robots":{"index":"index","follow":"follow","max-snippet":"max-snippet:-1","max-image-preview":"max-image-preview:large","max-video-preview":"max-video-preview:-1"},"canonical":"http:\/\/www.fisiofitbadajoz.com\/index.php\/director-tecnico\/","og_locale":"es_ES","og_type":"article","og_title":"Director t\u00e9cnico - Fisiofitbadajoz","og_description":"Juan Manuel inaugura FisioFit Center en mayo de 2019 con el fin de crear una cl\u00ednica donde se puede englobar al paciente en su totalidad, con la incorporaci\u00f3n de los mejores profesionales de diferentes especialidades.Educaci\u00f3nDiplomado en Fisioterapia por la Universidad de Extremadura (2007-2010) y graduado en Ciencias de la Actividad F\u00edsica y el Deporte por [&hellip;]","og_url":"http:\/\/www.fisiofitbadajoz.com\/index.php\/director-tecnico\/","og_site_name":"Fisiofitbadajoz","article_publisher":"https:\/\/www.facebook.com\/fisiofitcenter","article_modified_time":"2020-08-27T09:31:52+00:00","og_image":[{"url":"http:\/\/www.fisiofitbadajoz.com\/wp-content\/uploads\/2019\/09\/DSC_0059-300x200.jpg","type":"","width":"","height":""}],"twitter_card":"summary_large_image","twitter_misc":{"Tiempo de lectura":"1 minuto"},"schema":{"@context":"https:\/\/schema.org","@graph":[{"@type":"WebPage","@id":"http:\/\/www.fisiofitbadajoz.com\/index.php\/director-tecnico\/","url":"http:\/\/www.fisiofitbadajoz.com\/index.php\/director-tecnico\/","name":"Director t\u00e9cnico - Fisiofitbadajoz","isPartOf":{"@id":"http:\/\/www.fisiofitbadajoz.com\/#website"},"primaryImageOfPage":{"@id":"http:\/\/www.fisiofitbadajoz.com\/index.php\/director-tecnico\/#primaryimage"},"image":{"@id":"http:\/\/www.fisiofitbadajoz.com\/index.php\/director-tecnico\/#primaryimage"},"thumbnailUrl":"http:\/\/www.fisiofitbadajoz.com\/wp-content\/uploads\/2019\/09\/DSC_0059-300x200.jpg","datePublished":"2015-12-10T23:38:54+00:00","dateModified":"2020-08-27T09:31:52+00:00","breadcrumb":{"@id":"http:\/\/www.fisiofitbadajoz.com\/index.php\/director-tecnico\/#breadcrumb"},"inLanguage":"es","potentialAction":[{"@type":"ReadAction","target":["http:\/\/www.fisiofitbadajoz.com\/index.php\/director-tecnico\/"]}]},{"@type":"ImageObject","inLanguage":"es","@id":"http:\/\/www.fisiofitbadajoz.com\/index.php\/director-tecnico\/#primaryimage","url":"http:\/\/www.fisiofitbadajoz.com\/wp-content\/uploads\/2019\/09\/DSC_0059-300x200.jpg","contentUrl":"http:\/\/www.fisiofitbadajoz.com\/wp-content\/uploads\/2019\/09\/DSC_0059-300x200.jpg"},{"@type":"BreadcrumbList","@id":"http:\/\/www.fisiofitbadajoz.com\/index.php\/director-tecnico\/#breadcrumb","itemListElement":[{"@type":"ListItem","position":1,"name":"Portada","item":"http:\/\/www.fisiofitbadajoz.com\/"},{"@type":"ListItem","position":2,"name":"Director t\u00e9cnico"}]},{"@type":"WebSite","@id":"http:\/\/www.fisiofitbadajoz.com\/#website","url":"http:\/\/www.fisiofitbadajoz.com\/","name":"www.fisiofitbadajoz.com","description":"Policl\u00ednica en Badajoz. Fisioterapia, podolog\u00eda, nutrici\u00f3n, entrenamiento deportivo, est\u00e9tica.","publisher":{"@id":"http:\/\/www.fisiofitbadajoz.com\/#organization"},"potentialAction":[{"@type":"SearchAction","target":{"@type":"EntryPoint","urlTemplate":"http:\/\/www.fisiofitbadajoz.com\/?s={search_term_string}"},"query-input":{"@type":"PropertyValueSpecification","valueRequired":true,"valueName":"search_term_string"}}],"inLanguage":"es"},{"@type":"Organization","@id":"http:\/\/www.fisiofitbadajoz.com\/#organization","name":"Fisiofit Center","url":"http:\/\/www.fisiofitbadajoz.com\/","logo":{"@type":"ImageObject","inLanguage":"es","@id":"http:\/\/www.fisiofitbadajoz.com\/#\/schema\/logo\/image\/","url":"http:\/\/www.fisiofitbadajoz.com\/wp-content\/uploads\/2020\/08\/image0-scaled.jpeg","contentUrl":"http:\/\/www.fisiofitbadajoz.com\/wp-content\/uploads\/2020\/08\/image0-scaled.jpeg","width":1889,"height":2560,"caption":"Fisiofit Center"},"image":{"@id":"http:\/\/www.fisiofitbadajoz.com\/#\/schema\/logo\/image\/"},"sameAs":["https:\/\/www.facebook.com\/fisiofitcenter","https:\/\/www.instagram.com\/fisiofitcenter"]}]}},"_links":{"self":[{"href":"http:\/\/www.fisiofitbadajoz.com\/index.php\/wp-json\/wp\/v2\/pages\/2559","targetHints":{"allow":["GET"]}}],"collection":[{"href":"http:\/\/www.fisiofitbadajoz.com\/index.php\/wp-json\/wp\/v2\/pages"}],"about":[{"href":"http:\/\/www.fisiofitbadajoz.com\/index.php\/wp-json\/wp\/v2\/types\/page"}],"author":[{"embeddable":true,"href":"http:\/\/www.fisiofitbadajoz.com\/index.php\/wp-json\/wp\/v2\/users\/1"}],"replies":[{"embeddable":true,"href":"http:\/\/www.fisiofitbadajoz.com\/index.php\/wp-json\/wp\/v2\/comments?post=2559"}],"version-history":[{"count":6,"href":"http:\/\/www.fisiofitbadajoz.com\/index.php\/wp-json\/wp\/v2\/pages\/2559\/revisions"}],"predecessor-version":[{"id":7768,"href":"http:\/\/www.fisiofitbadajoz.com\/index.php\/wp-json\/wp\/v2\/pages\/2559\/revisions\/7768"}],"wp:attachment":[{"href":"http:\/\/www.fisiofitbadajoz.com\/index.php\/wp-json\/wp\/v2\/media?parent=2559"}],"curies":[{"name":"wp","href":"https:\/\/api.w.org\/{rel}","templated":true}]}}